ctors of 27486264.
2, 3, 13, 37, 2381
What are the prime factors of 67152895?
5, 47, 285757
List the prime factors of 1315150710.
2, 3, 5, 47, 59, 15809
List the prime factors of 2977829617.
7, 193, 44983
What are the prime factors of 423158338?
2, 1429, 148061
List the prime factors of 151738769.
7, 13, 19, 31, 149
What are the prime factors of 2502241582?
2, 139, 2063, 4363
What are the prime factors of 120503555?
5, 23, 29, 1571
What are the prime factors of 1054444036?
2, 5441, 48449
List the prime factors of 524376933.
3, 107, 1633573
List the prime factors of 37931849.
67, 139, 4073
What are the prime factors of 637589176?
2, 7, 1626503
List the prime factors of 91341093.
3, 30447031
What are the prime factors of 268846815?
3, 5, 47, 381343
What are the prime factors of 479586779?
7, 17, 4030141
List the prime factors of 1570002334.
2, 173, 4537579
List the prime factors of 584144405.
5, 13, 157, 57241
What are the prime factors of 4481266494?
2, 3, 53, 14092033
What are the prime factors of 154127274?
2, 3, 7, 37, 99181
What are the prime factors of 517919085?
3, 5, 47, 71, 3449
What are the prime factors of 3961113232?
2, 269, 920333
What are the prime factors of 23350144?
2, 182423
What are the prime factors of 67225288?
2, 13, 646397
What are the prime factors of 312565609?
101, 3094709
What are the prime factors of 3270638596?
2, 179, 4567931
List the prime factors of 2079512430.
2, 3, 5, 69317081
List the prime factors of 316489239.
3, 11, 109, 139, 211
List the prime factors of 2590459058.
2, 11, 53, 151, 14713
What are the prime factors of 1099684202?
2, 17, 32343653
List the prime factors of 1927930638.
2, 3, 89, 3610357
List the prime factors of 129515079.
3, 97, 445069
What are the prime factors of 746950393?
7, 3533, 30203
List the prime factors of 190684905.
3, 5, 691, 18397
What are the prime factors of 1068063410?
2, 5, 79, 1351979
What are the prime factors of 275763159?
3, 7, 4377193
List the prime factors of 11979413.
43, 278591
List the prime factors of 423326622.
2, 3, 17, 241, 1013
List the prime factors of 143933032.
2, 29, 620401
What are the prime factors of 331549376?
2, 5180459
List the prime factors of 521354615.
5, 1039, 100357
What are the prime factors of 17928323?
7, 31, 82619
List the prime factors of 881013921.
3, 293671307
List the prime factors of 3039256914.
2, 3, 409, 1238491
List the prime factors of 3559678379.
53, 151, 444793
What are the prime factors of 55978188?
2, 3, 7, 31, 37, 83
List the prime factors of 36212746.
2, 19, 952967
What are the prime factors of 147332409?
3, 7, 37, 189617
List the prime factors of 3704126294.
2, 11, 17, 52963
List the prime factors of 1675487572.
2, 11, 38079263
List the prime factors of 11536059.
3, 19, 202387
What are the prime factors of 78300673?
11, 647113
List the prime factors of 17890217.
593, 30169
What are the prime factors of 1517989475?
5, 229, 265151
What are the prime factors of 8822644?
2, 2205661
List the prime factors of 320612421.
3, 106870807
List the prime factors of 58144406.
2, 31, 937813
List the prime factors of 2045147147.
257, 7957771
List the prime factors of 171776554.
2, 5023, 17099
What are the prime factors of 190015764?
2, 3, 15834647
What are the prime factors of 5219214?
2, 3, 7, 11, 13, 79
What are the prime factors of 1358483044?
2, 71, 4783391
List the prime factors of 107858322.
2, 3, 11, 13, 41903
What are the prime factors of 11793308?
2, 17, 173431
What are the prime factors of 81433296?
2, 3, 7, 3847
What are the prime factors of 2097154670?
2, 5, 13, 16131959
List the prime factors of 19150283.
23, 832621
List the prime factors of 362892349.
362892349
What are the prime factors of 377044020?
2, 3, 5, 17, 123217
What are the prime factors of 88200671?
13, 6784667
What are the prime factors of 1998498940?
2, 5, 607, 164621
List the prime factors of 194067067.
227, 854921
What are the prime factors of 39442887?
3, 11, 239, 1667
List the prime factors of 2612747883.
3, 870915961
List the prime factors of 18394687.
23, 31, 25799
List the prime factors of 4474125463.
25121, 178103
What are the prime factors of 1732417244?
2, 11483, 37717
List the prime factors of 149080100.
2, 5, 13, 41, 2797
What are the prime factors of 2797850274?
2, 3, 5839, 79861
What are the prime factors of 266788890?
2, 3, 5, 71, 4639
What are the prime factors of 3770001?
3, 418889
What are the prime factors of 61125179?
61125179
What are the prime factors of 13998636?
2, 3, 227, 571
What are the prime factors of 734839771?
43, 17089297
What are the prime factors of 935021264?
2, 58438829
What are the prime factors of 194594636?
2, 61, 727, 1097
What are the prime factors of 1035067084?
2, 233, 1110587
List the prime factors of 458694393.
3, 152898131
List the prime factors of 89164536.
2, 3, 73, 50893
What are the prime factors of 122840431?
7, 719, 24407
What are the prime factors of 12136862?
2, 6068431
List the prime factors of 262705146.
2, 3, 11, 43, 92567
List the prime factors of 8086063.
8086063
List the prime factors of 93195528.
2, 3, 101, 38447
List the prime factors of 26421613.
53, 498521
List the prime factors of 118522767.
3, 11, 47, 6947
List the prime factors of 54961421.
23, 389, 6143
What are the prime factors of 6056915489?
6056915489
What are the prime factors of 224603721?
3, 4127, 6047
List the prime factors of 1682406329.
223, 1511, 4993
List the prime factors of 275584968.
2, 3, 19, 201451
List the prime factors of 901620250.
2, 5, 257, 14033
What are the prime factors of 169660587?
3, 56553529
What are the prime factors of 214899262?
2, 1693, 63467
What are the prime factors of 76467956?
2, 2141, 8929
List the prime factors of 1207200664.
2, 1699, 88817
What are the prime factors of 811543208?
2, 7, 53, 127, 2153
List the prime factors of 2199610638.
2, 3, 379, 322429
What are the prime factors of 156621101?
7, 13, 71, 3463
What are the prime factors of 12535735?
5, 2507147
What are the prime factors of 2128479225?
3, 5, 23, 79, 15619
List the prime factors of 70172622.
2, 3, 13, 99961
List the prime factors of 1390567399.
13, 107, 137, 7297
List the prime factors of 6004921403.
13, 89, 347, 14957
What are the prime factors of 755071259?
755071259
List the prime factors of 374336121.
3, 359, 503, 691
What are the prime factors of 587165740?
2, 5, 7, 19, 71, 3109
List the prime factors of 1805271944.
2, 7, 163, 197773
List the prime factors of 293326577.
47, 6240991
List the prime factors of 2661099904.
2, 20789843
What are the prime factors of 164005820?
2, 5, 11, 61, 101
What are the prime factors of 1959808306?
2, 9461, 103573
What are the prime factors of 46102851?
3, 37, 15383
List the prime factors of 443689362.
2, 3, 2531, 9739
List the prime factors of 670554518.
2, 335277259
List the prime factors of 43200184.
2, 5400023
List the prime factors of 109903614.
2, 3, 23, 43, 18521
What are the prime factors of 117792666?
2, 3, 19, 344423
What are the prime factors of 4171271564?
2, 1042817891
What are the prime factors of 836319985?
5, 59, 2834983
List the prime factors of 91615239.
3, 97, 34981
List the prime factors of 674861345.
5, 211, 639679
List the prime factors of 24853325.
5, 7, 142019
List the prime factors of 36831524.
2, 127, 72503
List the prime factors of 4095472.
2, 23, 31, 359
What are the prime factors of 124835766?
2, 3, 11, 23, 82237
What are the prime factors of 298386758?
2, 149193379
List the prime factors of 3540324575.
5, 141612983
What are the prime factors of 5247517236?
2, 3, 13, 33637931
What are the prime factors of 36173647?
1597, 22651
What are the prime factors of 1530138458?
2, 765069229
What are the prime factors of 110249334?
2, 3, 13, 43, 10957
What are the prime factors of 1035264924?
2, 3, 41, 701399
What are the prime factors of 329436325?
5, 1871, 7043
List the prime factors of 43407779.
313, 138683
List the prime factors of 90429312.
2, 3, 235493
What are the prime factors of 18218783?
11, 23, 107, 673
What are the prime factors of 3308647494?
2, 3, 551441249
What are the prime factors of 15626540?
2, 5, 781327
What are the prime factors of 47229340?
2, 5, 2361467
List the prime factors of 9592537.
9592537
What are the prime factors of 68025536?
2, 23, 37, 1249
What are the p